o + 4*v = -0*v - 16, 4 = -v. Suppose o = 3*s + 4 + 2. Is 20 a factor of s/15 + (-1082)/(-15)?
False
Let p(h) = -10*h - 16. Is 10 a factor of p(-3)?
False
Let h = -1 + 18. Let a = h - -12. Is 20 a factor of a?
False
Is (-84)/14*(-35 + -1) a multiple of 54?
True
Suppose -2*i + 124 = -6*i. Let w = i - -43. Does 3 divide w?
True
Suppose -7*j - 454 = -5*x - 3*j, 269 = 3*x + j. Is 30 a factor of x?
True
Suppose o + 2*a = -15, -3*o - 4*a - 40 - 5 = 0. Let b(w) = -w**2 - 17*w + 19. Is b(o) a multiple of 8?
False
Suppose a = -2*a + 6. Is (-20)/(-5) + a + 24 a multiple of 12?
False
Let q be 6/(7/((-14)/(-4))). Let h = 107 - 73. Suppose q*n - h = -10. Is 4 a factor of n?
True
Let i(u) = 2*u + 2. Let h be i(-16). Let g = h + 6. Let x = g + 44. Is x a multiple of 8?
False
Does 23 divide 118722/47 - -1*4?
True
Let u(a) = 5*a**2 + 27*a**2 - 3*a**2 + 5*a - 4*a. Does 19 divide u(-2)?
True
Let m be 1/((-18)/20 + (-28)/(-35)). Does 11 divide -22*((-45)/m - 5)?
True
Let r = 53 + 89. Suppose 0 = -10*t + 9*t + r. Is 12 a factor of t?
False
Suppose m = 5*m - 5*y - 45, 2*m + 15 = -5*y. Let j be -5 + m + 1*92. Let d = j - 17. Is d a multiple of 25?
True
Let n be (-34)/(-12) - 7/(-42). Suppose 2*q + 0*q - 34 = 2*d, n*q - 27 = d. Does 5 divide (3/2)/(d/(-40))?
True
Let s be (-2)/((-9)/((-27)/(-6))). Is 20 a factor of 2205/54 - s/(-6)?
False
Let a = 19 + -7. Suppose a*x + 116 = 14*x. Let w = 119 - x. Is 22 a factor of w?
False
Let h(p) = -6 - 3*p**2 + 58*p**3 - 59*p**3 + 10*p**2 - 6*p. Does 4 divide h(3)?
True
Let f(x) = 1 + 0 - 7*x - 8*x**2 + 2*x - 4 - x**3. Let s be f(-7). Let i = -10 - s. Does 7 divide i?
True
Suppose 7*d - 39 + 109 = 0. Let x = 40 - d. Suppose -9*h + x = -7*h. Does 8 divide h?
False
Is 21 a factor of (-9)/(-15) - (-61722)/30?
True
Suppose 6 = -y + 2*v, 2*y - v = -4*v - 12. Let l be 18/(-27) + (-1162)/y. Suppose -2*g + 90 = -2*f, 3*f = -6*g + g + l. Is 23 a factor of g?
False
Let o(u) = u**2 - u - 2. Let s be o(4). Let f be ((-8)/s)/(6/(-510)). Let l = -17 + f. Does 17 divide l?
True
Let d(c) = c**3 - 8*c**2 - 10*c + 12. Let q be d(9). Suppose 0 = 3*o + 15 - q, 5*n - 28 = 2*o. Is (-61)/(-9) - n/(-18) a multiple of 3?
False
Let c = 8 - -18. Suppose -2*r - 2*i - 2*i + c = 0, -2*i = 3*r - 47. Is 5 a factor of (20/3)/(r/51)?
True
Let q(s) = 5*s - 63. Let t be q(19). Suppose -5*l + 5*p + 68 = p, 4*p = 2*l - t. Is 4 a factor of l?
True
Let g = 42 + -54. Let b = 74 - g. Does 33 divide b?
False
Let t(r) = r**3 + 14*r**2 + 12*r - 11. Let q be t(-13). Let y = 5 - 3. Suppose 3*b - 201 = q*h - 7*h, y*b = 4*h - 174. Does 16 divide h?
False
Let d be ((-26)/(-8) + -3)*4*2. Does 8 divide (-1*d)/(2*6/(-384))?
True
Let a = -168 - -410. Is 6 a factor of a?
False
Suppose -5*o + 4*s = -824, 5*o + 9*s - 6*s = 852. Does 12 divide o?
True
Let t = -85 + -43. Does 32 divide (t/5)/(32/(-15) - -2)?
True
Is (-21)/(135/186 - (-3)/(-4)) a multiple of 9?
False
Suppose 56 + 4 = -4*z. Let m be z/(-6)*(-72)/(-45). Does 9 divide 5/(-20) + 181/m?
True
Let v = 810 + -365. Is v a multiple of 27?
False
Let p = 405 - 227. Is 25 a factor of p?
False
Let m be -8*2*1/(-2). Suppose m + 14 = 2*c. Let q(v) = -v**3 + 11*v**2 + 4*v + 11. Does 19 divide q(c)?
False
Let o be 36/(-5)*(-46 + -4). Suppose -2*r - 3*r = -o. Is r a multiple of 13?
False
Let z be (-13 + 9)/(0 + -1). Suppose z*r + 1332 = 13*r. Is 37 a factor of r?
True
Suppose d - 107 = 28. Does 27 divide d?
True
Let z be (-8)/12 - 16/(-6). Suppose -2*k + 3*p + 1 = 0, -3*k + z*p - 16 = p. Let j(l) = l**2 + 7*l + 7. Is j(k) a multiple of 4?
False
Suppose -3*h = 4*w - 65, -37 = -4*h - 5*w + 49. Is h a multiple of 2?
False
Suppose -12*k - 4520 = -3*x - 10*k, -4516 = -3*x + k. Is 47 a factor of x?
True
Let j = -303 + 628. Is j a multiple of 48?
False
Let w be ((-90)/54)/((-5)/18). Let m(z) = 3*z**2 - z - 14. Does 8 divide m(w)?
True
Let y = -736 + 2131. Does 15 divide y?
True
Is 27 a factor of 5/((-15)/(-16))*(-4005)/(-60)?
False
Suppose -36 = o - 1007. Is 22 a factor of o?
False
Let m = 47 + -51. Let l be (-9)/(-6)*(0 - 22). Let w = m - l. Does 11 divide w?
False
Suppose 39 = 3*c + 462. Is 7 a factor of (-2)/8 + c/(-4)?
True
Let n(h) = 229*h - 864. Is 62 a factor of n(7)?
False
Let t(u) be the first derivative of u**4/4 - 16*u**3/3 + 19*u**2/2 + 4*u - 3. Is 16 a factor of t(15)?
True
Let s be 2/(1 - 2) - (1 - -48). Let z = -21 - s. Is z a multiple of 5?
True
Let n(z) = -z**2 + 7*z - 2. Let p(w) = -2*w**2 + 6*w. Let q(t) = -3*n(t) + 2*p(t). Suppose -20 + 2 = 3*v. Is q(v) a multiple of 6?
True
Suppose 10*z - 13 = 7. Let g(q) = q**2 + q - 8. Let x be g(6). Suppose -f = -z*f + x. Is 26 a factor of f?
False
Suppose 105 = 2*g - k, g - 5*k = 40 - 10. Let o be (-2066)/(-10) + 2/5. Suppose -g = 2*r - o. Is 19 a factor of r?
True
Suppose 3*r - d = -3*d + 376, r - 122 = d. Let l be (-1)/(((-20)/r)/5). Suppose l = 3*a - 35. Is a a multiple of 11?
True
Let r be 1/(3/2 - 1). Let x(v) = -v**3 + 2*v**2 + 3*v - 1. Let s be x(r). Suppose -s*p - 3*z + 248 = 0, 3*z = -3*p - 0*z + 150. Is 17 a factor of p?
False
Let i(n) be the first derivative of n**4/4 + 5*n**3/3 - 5*n**2 - 9*n - 33. Does 5 divide i(-6)?
True
Let z = 69 + -97. Let n = 15 - z. Does 9 divide n?
False
Suppose 14*v - 13*v = 156. Is v a multiple of 4?
True
Suppose -2*n + 80 = 2*n. Let t be (-428)/n + 2/5. Let q = 105 + t. Is 21 a factor of q?
True
Suppose 10 = 3*g + 4*h, -g + 2*h - 3*h + 3 = 0. Suppose -5*u = -3*b - 5 + 10, g*b + 18 = -2*u. Is b/(-5)*1*8 a multiple of 8?
True
Let x(a) = -31*a - 1. Does 21 divide x(-23)?
False
Let p be 90/((-4)/(8*-1)). Suppose -6*d + 10*d - p = 0. Is d a multiple of 9?
True
Suppose -15 = 3*p, -4*d + 0*d + 6 = 2*p. Suppose 2*k + 2*m + 154 = d*k, m + 393 = 5*k. Is 13 a factor of k?
False
Suppose -5*r = -3*f + 11 + 77, 5*r = 2*f - 67. Let u be (-4)/22 + 1464/66. Let i = f + u. Is i a multiple of 5?
False
Let i = -631 + 825. Does 19 divide i?
False
Suppose -4*c + 4*g - 3 = 13, c - 3*g + 2 = 0. Let o = c - -66. Suppose -65 = -3*l + o. Is 14 a factor of l?
True
Let k = -32 - -65. Suppose -k = -d - 2*d. Does 4 divide d?
False
Suppose c - 4*t + t + 5 = 0, 2*c = -5*t + 23. Let k be (c - 1) + 6/(-3). Is 9 a factor of (k + (2 - -37))*1?
False
Let z be (-4 - -2)*(-40 - -3). Let k = -47 + z. Is 4 a factor of k?
False
Let d(l) = l + 8. Let k be d(-6). Suppose 1 = k*o - 3. Suppose 0 = 3*t - 2*j - 202, -o*t - t - 2*j = -182. Is t a multiple of 18?
False
Let q(c) be the first derivative of c**3/3 + 15*c**2/2 + 12*c - 50. Is 28 a factor of q(8)?
True
Suppose -2*r - 2*q + 26 = -6*q, r = -q - 2. Let p(c) = 2*c**2 - 26*c + 3. Let m be p(13). Suppose 0 = 4*y + 5*f - 34, r*f = -m*y - f + 26. Does 3 divide y?
True
Let f = -96 - -704. Is 38 a factor of f?
True
Let r(m) be the third derivative of -5*m**4/8 + 3*m**3 + 22*m**2. Does 21 divide r(-5)?
False
Let d = 23 - 63. Let o = d - -56. Let s(n) = n**2 - 15*n - 4. Does 12 divide s(o)?
True
Suppose -2*z = a - 0*z - 32, 4*a - 2*z - 108 = 0. Let o = a - 23. Suppose 330 = w + o*w. Is w a multiple of 10?
False
Let l = -40 + 66. Suppose 5*b - 174 = -4*p, -p - 2*p + 132 = 3*b. Let n = p - l. Is 20 a factor of n?
True
Let m(i) = 26*i**3 + i**2 - i - 1. Let x be m(-1). Is 24 a factor of (-15)/2*(390/x + 6)?
True
Let n = -56 + 23. Let j = n - -139. Is 27 a factor of j?
False
Suppose 16*n - 21*n + 4970 = 0. Is 7 a factor of n?
True
Suppose 342 + 228 = -5*c. Let y = c - -189. Suppose 31 - 11 = 3*q - 5*p, -y = -4*q - 3*p. Is 13 a factor of q?
False
Suppose 3 - 15 = -3*r. Is 62 + (1 - (-12)/r) a multiple of 22?
True
Suppose -40 = -0*i - 4*i. Suppose i*x - 42 = 58. Does 5 divide x?
True
Does 62 divide 5 - 58/(-1) - -3?
False
Suppose -2*l + 4*r - 3*r = -853, -5*l + 3*r = -2130. Is 15 a factor of l?
False
Let j be 3/(-6)*(-281 + -1). Suppose 4*f + 3*x - j = 0, 3*x + 39 + 36 = 2*f. Is 9 a factor of f?
True
Suppose -4*t - 44 = 92. Let d be 208/6*((-5)/10 + 2). Let j = d + t. Does 4 divide j?
False
Suppose -96 = 12*l - 13*l. Is l a multiple of 4?
True
Let n = 88 + 266. Does 10 divide n?
False
Let c(l) = l**2 + 31*l + 21. Does 38 divide c(-33)?
False
Let s(a) = 3*a**2 - a + 3*a**2 + 3*a**2 - 4. Does 9 divide s(3)?
False
Let m = -3270 - -8319. Suppose -13*j + m = 4*j. Is 33 a factor of j?
True
Let d(p) = -p - 8. Let g be d(6). Let q be (6 + 2)/((-2)/g). Let i =